{"id":23,"date":"2016-02-12T08:12:49","date_gmt":"2016-02-12T08:12:49","guid":{"rendered":"http:\/\/demos.famethemes.com\/onepress\/?page_id=23"},"modified":"2026-02-11T22:52:25","modified_gmt":"2026-02-11T22:52:25","slug":"hizmetlerimiz1","status":"publish","type":"page","link":"https:\/\/boomcanmakina.com\/index.php\/hizmetlerimiz1\/","title":{"rendered":"A\u011f\u0131r Hizmet Boom Kayna\u011f\u0131"},"content":{"rendered":"<p data-path-to-node=\"15\">Y\u00fcksek mukavemetli \u00e7elikler \u00fczerinde, \u00e7atlak ve k\u0131r\u0131lmalara kar\u015f\u0131 en ileri kaynak teknolojilerini uyguluyoruz. \u0130\u015f g\u00fcvenli\u011fini oda\u011f\u0131m\u0131za alarak, boom yap\u0131lar\u0131n\u0131 fabrikasyon sa\u011flaml\u0131\u011f\u0131na kavu\u015fturuyoruz.<\/p>\n<h3 data-path-to-node=\"16\">\u00a0<\/h3>\n\n\n<p><\/p>\n","protected":false},"excerpt":{"rendered":"<p>Y\u00fcksek mukavemetli \u00e7eliklerde yap\u0131sal b\u00fct\u00fcnl\u00fc\u011f\u00fc sa\u011flayan sertifikal\u0131 kaynak \u00e7\u00f6z\u00fcmleri.<\/p>\n","protected":false},"author":1,"featured_media":0,"parent":0,"menu_order":0,"comment_status":"closed","ping_status":"closed","template":"","meta":{"footnotes":""},"class_list":["post-23","page","type-page","status-publish","hentry"],"_links":{"self":[{"href":"https:\/\/boomcanmakina.com\/index.php\/wp-json\/wp\/v2\/pages\/23","targetHints":{"allow":["GET"]}}],"collection":[{"href":"https:\/\/boomcanmakina.com\/index.php\/wp-json\/wp\/v2\/pages"}],"about":[{"href":"https:\/\/boomcanmakina.com\/index.php\/wp-json\/wp\/v2\/types\/page"}],"author":[{"embeddable":true,"href":"https:\/\/boomcanmakina.com\/index.php\/wp-json\/wp\/v2\/users\/1"}],"replies":[{"embeddable":true,"href":"https:\/\/boomcanmakina.com\/index.php\/wp-json\/wp\/v2\/comments?post=23"}],"version-history":[{"count":2,"href":"https:\/\/boomcanmakina.com\/index.php\/wp-json\/wp\/v2\/pages\/23\/revisions"}],"predecessor-version":[{"id":1458,"href":"https:\/\/boomcanmakina.com\/index.php\/wp-json\/wp\/v2\/pages\/23\/revisions\/1458"}],"wp:attachment":[{"href":"https:\/\/boomcanmakina.com\/index.php\/wp-json\/wp\/v2\/media?parent=23"}],"curies":[{"name":"wp","href":"https:\/\/api.w.org\/{rel}","templated":true}]}}